{"id":2285,"date":"2019-08-09T07:56:59","date_gmt":"2019-08-09T07:56:59","guid":{"rendered":"http:\/\/www.kinderarztpraxis-central.ch\/?page_id=2285"},"modified":"2019-08-09T11:41:29","modified_gmt":"2019-08-09T11:41:29","slug":"impressum","status":"publish","type":"page","link":"https:\/\/www.kinderarztpraxis-central.ch\/?page_id=2285","title":{"rendered":"Impressum"},"content":{"rendered":"\t\t<div data-elementor-type=\"wp-post\" data-elementor-id=\"2285\" class=\"elementor elementor-2285\">\n\t\t\t\t\t\t<section class=\"elementor-section elementor-top-section elementor-element elementor-element-7458c9c elementor-section-boxed elementor-section-height-default elementor-section-height-default\" data-id=\"7458c9c\" data-element_type=\"section\">\n\t\t\t\t\t\t<div class=\"elementor-container elementor-column-gap-default\">\n\t\t\t\t\t<div class=\"elementor-column elementor-col-100 elementor-top-column elementor-element elementor-element-d69d845\" data-id=\"d69d845\" data-element_type=\"column\">\n\t\t\t<div class=\"elementor-widget-wrap\">\n\t\t\t\t\t\t\t<\/div>\n\t\t<\/div>\n\t\t\t\t\t<\/div>\n\t\t<\/section>\n\t\t\t\t<section class=\"elementor-section elementor-top-section elementor-element elementor-element-642e54f3 elementor-section-height-min-height elementor-section-boxed elementor-section-height-default elementor-section-items-middle\" data-id=\"642e54f3\" data-element_type=\"section\" data-settings=\"{&quot;background_background&quot;:&quot;classic&quot;}\">\n\t\t\t\t\t\t\t<div class=\"elementor-background-overlay\"><\/div>\n\t\t\t\t\t\t\t<div class=\"elementor-container elementor-column-gap-default\">\n\t\t\t\t\t<div class=\"elementor-column elementor-col-100 elementor-top-column elementor-element elementor-element-5b852835\" data-id=\"5b852835\" data-element_type=\"column\">\n\t\t\t<div class=\"elementor-widget-wrap elementor-element-populated\">\n\t\t\t\t\t\t<div class=\"elementor-element elementor-element-bb0dc00 elementor-widget elementor-widget-heading\" data-id=\"bb0dc00\" data-element_type=\"widget\" data-widget_type=\"heading.default\">\n\t\t\t\t<div class=\"elementor-widget-container\">\n\t\t\t<h2 class=\"elementor-heading-title elementor-size-large\">Impressum<\/h2>\t\t<\/div>\n\t\t\t\t<\/div>\n\t\t\t\t\t<\/div>\n\t\t<\/div>\n\t\t\t\t\t<\/div>\n\t\t<\/section>\n\t\t\t\t<section class=\"elementor-section elementor-top-section elementor-element elementor-element-8508aff elementor-section-boxed elementor-section-height-default elementor-section-height-default\" data-id=\"8508aff\" data-element_type=\"section\">\n\t\t\t\t\t\t<div class=\"elementor-container elementor-column-gap-default\">\n\t\t\t\t\t<div class=\"elementor-column elementor-col-100 elementor-top-column elementor-element elementor-element-e1d0926\" data-id=\"e1d0926\" data-element_type=\"column\">\n\t\t\t<div class=\"elementor-widget-wrap elementor-element-populated\">\n\t\t\t\t\t\t<section class=\"elementor-section elementor-inner-section elementor-element elementor-element-2502a08 elementor-section-boxed elementor-section-height-default elementor-section-height-default\" data-id=\"2502a08\" data-element_type=\"section\">\n\t\t\t\t\t\t<div class=\"elementor-container elementor-column-gap-default\">\n\t\t\t\t\t<div class=\"elementor-column elementor-col-100 elementor-inner-column elementor-element elementor-element-9dc7007\" data-id=\"9dc7007\" data-element_type=\"column\">\n\t\t\t<div class=\"elementor-widget-wrap elementor-element-populated\">\n\t\t\t\t\t\t<div class=\"elementor-element elementor-element-26d7ba0 elementor-widget elementor-widget-text-editor\" data-id=\"26d7ba0\" data-element_type=\"widget\" data-widget_type=\"text-editor.default\">\n\t\t\t\t<div class=\"elementor-widget-container\">\n\t\t\t\t\t\t\t<p><strong style=\"font-size: 14px;\">Verantwortlich f\u00fcr den Inhalt der Seiten<\/strong><\/p><p>Kinderarztpraxis-Central<br \/>Markus Zehnder<br \/>Seestrasse 126<br \/>8810 Horgen<\/p><p><a href=\"mailto:peter.muster@musterfirma.com\">m<\/a>.zehnder@hin.ch<\/p><p>Telefon: 044 726 26 60<br \/>Fax:\u00a0080 777\u00a055 10<\/p><p><strong>Copyright<\/strong><\/p><p>Das Copyright f\u00fcr s\u00e4mtliche Inhalte dieser Website liegt bei Kinderarztpraxis-Central, Markus Zehnder.<\/p><p><b>Disclaimer<\/b><\/p><p><span style=\"font-size: 14px;\">Alle Tex<\/span><span style=\"font-size: 14px;\">t<\/span><span style=\"font-size: 14px;\">e und Links wurden sorgf\u00e4ltig gepr\u00fcft und werden laufend aktualisiert. Wir sind bem\u00fcht, richtige und vollst\u00e4ndige Informationen auf dieser Website bereitzustellen, \u00fcbernehmen aber keinerlei Verantwortung, Garantien oder Haftung daf\u00fcr, dass die durch diese Website bereitgestellten Informationen, richtig, vollst\u00e4ndig oder aktuell sind. Wir behalten uns das Recht vor, jederzeit und ohne Vorank\u00fcndigung die Informationen auf dieser Website zu \u00e4ndern und verpflichten uns auch nicht, die enthaltenen Informationen zu aktualisieren. Alle Links zu externen Anbietern wurden zum Zeitpunkt ihrer Aufnahme auf ihre Richtigkeit \u00fcberpr\u00fcft, dennoch haften wir nicht f\u00fcr Inhalte und Verf\u00fcgbarkeit von Websites, die mittels Hyperlinks zu erreichen sind. F\u00fcr illegale, fehlerhafte oder unvollst\u00e4ndige Inhalte und insbesondere f\u00fcr Sch\u00e4den, die durch Inhalte verkn\u00fcpfter Seiten entstehen, haftet allein der Anbieter der Seite, auf welche verwiesen wurde. Dabei ist es gleichg\u00fcltig, ob der Schaden direkter, indirekter oder finanzieller Natur ist oder ein sonstiger Schaden vorliegt, der sich aus Datenverlust, Nutzungsausfall oder anderen Gr\u00fcnden aller Art ergeben k\u00f6nnte.<\/span><\/p><p><strong>Datenschutz<\/strong><\/p><p>F\u00fcr die Sicherheit der Daten\u00fcbertragung im Internet k\u00f6nnen wir keine Gew\u00e4hr \u00fcbernehmen, insbesondere besteht bei der \u00dcbertragung von Daten per E-Mail die Gefahr des Zugriffs durch Dritte.<\/p><p>Einer Nutzung der im Impressum ver\u00f6ffentlichten Kontaktdaten durch Dritte zu Werbezwecken wird hiermit ausdr\u00fccklich widersprochen. Der Betreiber beh\u00e4lt sich f\u00fcr den Fall unverlangt zugesandter Werbe- oder Informationsmaterialien ausdr\u00fccklich rechtliche Schritte vor.<\/p><p>Sollten einzelne Regelungen oder Formulierungen dieses Haftungsausschlusses unwirksam sein oder werden, bleiben die \u00fcbrigen Regelungen in ihrem Inhalt und ihrer G\u00fcltigkeit hiervon unber\u00fchrt.<\/p><p><strong>Google Analytics<\/strong><\/p><p>Diese Website benutzt Google Analytics. Google Analytics verwendet sog. \u201eCookies\u201c, Textdateien, die auf Ihrem Computer gespeichert werden und die eine Analyse der Benutzung der Website durch Sie erm\u00f6glichen. Die durch den Cookie erzeugten Informationen \u00fcber Ihre Benutzung dieser Website werden in der Regel an einen Server von Google in den USA \u00fcbertragen und dort gespeichert. Im Falle der Aktivierung der IP-Anonymisierung auf dieser Webseite, wird Ihre IP-Adresse von Google jedoch innerhalb von Mitgliedstaaten der Europ\u00e4ischen Union oder in anderen Vertragsstaaten des Abkommens \u00fcber den Europ\u00e4ischen Wirtschaftsraum zuvor gek\u00fcrzt. Nur in Ausnahmef\u00e4llen wird die volle IP-Adresse an einen Server von Google in den USA \u00fcbertragen und dort gek\u00fcrzt. Im Auftrag des Betreibers dieser Website wird Google diese Informationen benutzen, um Ihre Nutzung der Website auszuwerten, um Reports \u00fcber die Websiteaktivit\u00e4ten zusammenzustellen und um weitere mit der Websitenutzung und der Internetnutzung verbundene Dienstleistungen gegen\u00fcber dem Websitebetreiber zu erbringenDie im Rahmen von Google Analytics von Ihrem Browser \u00fcbermittelte IP-Adresse wird nicht mit anderen Daten von Google zusammengef\u00fchrt. Sie k\u00f6nnen die Speicherung der Cookies durch eine entsprechende Einstellung Ihrer Browser-Software verhindern; wir weisen Sie jedoch darauf hin, dass Sie in diesem Fall gegebenenfalls nicht s\u00e4mtliche Funktionen dieser Website vollumf\u00e4nglich werden nutzen k\u00f6nnen.\u00a0 Sie k\u00f6nnen dar\u00fcber hinaus die Erfassung der durch das Cookie erzeugten und auf Ihre Nutzung der Website bezogenen Daten (inkl. Ihrer IP-Adresse) an Google sowie die Verarbeitung dieser Daten durch Google verhindern, indem sie das unter dem folgenden Link verf\u00fcgbare Browser-Plugin herunterladen und installieren. Der aktuelle Link ist <a href=\"http:\/\/tools.google.com\/dlpage\/gaoptout?hl=de\">http:\/\/tools.google.com\/dlpage\/gaoptout?hl=de<\/a>].<\/p><p>\u00a0<\/p>\t\t\t\t\t\t<\/div>\n\t\t\t\t<\/div>\n\t\t\t\t\t<\/div>\n\t\t<\/div>\n\t\t\t\t\t<\/div>\n\t\t<\/section>\n\t\t\t\t\t<\/div>\n\t\t<\/div>\n\t\t\t\t\t<\/div>\n\t\t<\/section>\n\t\t\t\t<\/div>\n\t\t","protected":false},"excerpt":{"rendered":"<p>Impressum Verantwortlich f\u00fcr den Inhalt der Seiten Kinderarztpraxis-CentralMarkus ZehnderSeestrasse 1268810 Horgen m.zehnder@hin.ch Telefon: 044 726 26 60Fax:\u00a0080 777\u00a055 10 Copyright Das Copyright f\u00fcr s\u00e4mtliche Inhalte dieser Website liegt bei Kinderarztpraxis-Central, Markus Zehnder. Disclaimer Alle Texte und Links wurden sorgf\u00e4ltig gepr\u00fcft und werden laufend aktualisiert. Wir sind bem\u00fcht, richtige und vollst\u00e4ndige Informationen auf dieser Website bereitzustellen, [&hellip;]<\/p>\n","protected":false},"author":1,"featured_media":0,"parent":0,"menu_order":0,"comment_status":"closed","ping_status":"closed","template":"","meta":[],"yoast_head":"<!-- This site is optimized with the Yoast SEO plugin v20.6 - https:\/\/yoast.com\/wordpress\/plugins\/seo\/ -->\n<title>Impressum - Kinderarztpraxis Central<\/title>\n<meta name=\"robots\" content=\"index, follow, max-snippet:-1, max-image-preview:large, max-video-preview:-1\" \/>\n<link rel=\"canonical\" href=\"https:\/\/www.kinderarztpraxis-central.ch\/?page_id=2285\" \/>\n<meta property=\"og:locale\" content=\"de_DE\" \/>\n<meta property=\"og:type\" content=\"article\" \/>\n<meta property=\"og:title\" content=\"Impressum - Kinderarztpraxis Central\" \/>\n<meta property=\"og:description\" content=\"Impressum Verantwortlich f\u00fcr den Inhalt der Seiten Kinderarztpraxis-CentralMarkus ZehnderSeestrasse 1268810 Horgen m.zehnder@hin.ch Telefon: 044 726 26 60Fax:\u00a0080 777\u00a055 10 Copyright Das Copyright f\u00fcr s\u00e4mtliche Inhalte dieser Website liegt bei Kinderarztpraxis-Central, Markus Zehnder. Disclaimer Alle Texte und Links wurden sorgf\u00e4ltig gepr\u00fcft und werden laufend aktualisiert. Wir sind bem\u00fcht, richtige und vollst\u00e4ndige Informationen auf dieser Website bereitzustellen, [&hellip;]\" \/>\n<meta property=\"og:url\" content=\"https:\/\/www.kinderarztpraxis-central.ch\/?page_id=2285\" \/>\n<meta property=\"og:site_name\" content=\"Kinderarztpraxis Central\" \/>\n<meta property=\"article:modified_time\" content=\"2019-08-09T11:41:29+00:00\" \/>\n<meta name=\"twitter:card\" content=\"summary_large_image\" \/>\n<meta name=\"twitter:label1\" content=\"Gesch\u00e4tzte Lesezeit\" \/>\n\t<meta name=\"twitter:data1\" content=\"3\u00a0Minuten\" \/>\n<script type=\"application\/ld+json\" class=\"yoast-schema-graph\">{\"@context\":\"https:\/\/schema.org\",\"@graph\":[{\"@type\":\"WebPage\",\"@id\":\"https:\/\/www.kinderarztpraxis-central.ch\/?page_id=2285\",\"url\":\"https:\/\/www.kinderarztpraxis-central.ch\/?page_id=2285\",\"name\":\"Impressum - Kinderarztpraxis Central\",\"isPartOf\":{\"@id\":\"https:\/\/www.kinderarztpraxis-central.ch\/#website\"},\"datePublished\":\"2019-08-09T07:56:59+00:00\",\"dateModified\":\"2019-08-09T11:41:29+00:00\",\"breadcrumb\":{\"@id\":\"https:\/\/www.kinderarztpraxis-central.ch\/?page_id=2285#breadcrumb\"},\"inLanguage\":\"de\",\"potentialAction\":[{\"@type\":\"ReadAction\",\"target\":[\"https:\/\/www.kinderarztpraxis-central.ch\/?page_id=2285\"]}]},{\"@type\":\"BreadcrumbList\",\"@id\":\"https:\/\/www.kinderarztpraxis-central.ch\/?page_id=2285#breadcrumb\",\"itemListElement\":[{\"@type\":\"ListItem\",\"position\":1,\"name\":\"Startseite\",\"item\":\"https:\/\/www.kinderarztpraxis-central.ch\/\"},{\"@type\":\"ListItem\",\"position\":2,\"name\":\"Impressum\"}]},{\"@type\":\"WebSite\",\"@id\":\"https:\/\/www.kinderarztpraxis-central.ch\/#website\",\"url\":\"https:\/\/www.kinderarztpraxis-central.ch\/\",\"name\":\"Kinderarztpraxis Central\",\"description\":\"Ihr Kinderarzt in Horgen\",\"publisher\":{\"@id\":\"https:\/\/www.kinderarztpraxis-central.ch\/#organization\"},\"potentialAction\":[{\"@type\":\"SearchAction\",\"target\":{\"@type\":\"EntryPoint\",\"urlTemplate\":\"https:\/\/www.kinderarztpraxis-central.ch\/?s={search_term_string}\"},\"query-input\":\"required name=search_term_string\"}],\"inLanguage\":\"de\"},{\"@type\":\"Organization\",\"@id\":\"https:\/\/www.kinderarztpraxis-central.ch\/#organization\",\"name\":\"Kinderarztpraxis Central\",\"url\":\"https:\/\/www.kinderarztpraxis-central.ch\/\",\"logo\":{\"@type\":\"ImageObject\",\"inLanguage\":\"de\",\"@id\":\"https:\/\/www.kinderarztpraxis-central.ch\/#\/schema\/logo\/image\/\",\"url\":\"https:\/\/www.kinderarztpraxis-central.ch\/wp-content\/uploads\/2019\/02\/cropped-Logo-ohne-Schrift.png\",\"contentUrl\":\"https:\/\/www.kinderarztpraxis-central.ch\/wp-content\/uploads\/2019\/02\/cropped-Logo-ohne-Schrift.png\",\"width\":305,\"height\":184,\"caption\":\"Kinderarztpraxis Central\"},\"image\":{\"@id\":\"https:\/\/www.kinderarztpraxis-central.ch\/#\/schema\/logo\/image\/\"}}]}<\/script>\n<!-- \/ Yoast SEO plugin. -->","yoast_head_json":{"title":"Impressum - Kinderarztpraxis Central","robots":{"index":"index","follow":"follow","max-snippet":"max-snippet:-1","max-image-preview":"max-image-preview:large","max-video-preview":"max-video-preview:-1"},"canonical":"https:\/\/www.kinderarztpraxis-central.ch\/?page_id=2285","og_locale":"de_DE","og_type":"article","og_title":"Impressum - Kinderarztpraxis Central","og_description":"Impressum Verantwortlich f\u00fcr den Inhalt der Seiten Kinderarztpraxis-CentralMarkus ZehnderSeestrasse 1268810 Horgen m.zehnder@hin.ch Telefon: 044 726 26 60Fax:\u00a0080 777\u00a055 10 Copyright Das Copyright f\u00fcr s\u00e4mtliche Inhalte dieser Website liegt bei Kinderarztpraxis-Central, Markus Zehnder. Disclaimer Alle Texte und Links wurden sorgf\u00e4ltig gepr\u00fcft und werden laufend aktualisiert. Wir sind bem\u00fcht, richtige und vollst\u00e4ndige Informationen auf dieser Website bereitzustellen, [&hellip;]","og_url":"https:\/\/www.kinderarztpraxis-central.ch\/?page_id=2285","og_site_name":"Kinderarztpraxis Central","article_modified_time":"2019-08-09T11:41:29+00:00","twitter_card":"summary_large_image","twitter_misc":{"Gesch\u00e4tzte Lesezeit":"3\u00a0Minuten"},"schema":{"@context":"https:\/\/schema.org","@graph":[{"@type":"WebPage","@id":"https:\/\/www.kinderarztpraxis-central.ch\/?page_id=2285","url":"https:\/\/www.kinderarztpraxis-central.ch\/?page_id=2285","name":"Impressum - Kinderarztpraxis Central","isPartOf":{"@id":"https:\/\/www.kinderarztpraxis-central.ch\/#website"},"datePublished":"2019-08-09T07:56:59+00:00","dateModified":"2019-08-09T11:41:29+00:00","breadcrumb":{"@id":"https:\/\/www.kinderarztpraxis-central.ch\/?page_id=2285#breadcrumb"},"inLanguage":"de","potentialAction":[{"@type":"ReadAction","target":["https:\/\/www.kinderarztpraxis-central.ch\/?page_id=2285"]}]},{"@type":"BreadcrumbList","@id":"https:\/\/www.kinderarztpraxis-central.ch\/?page_id=2285#breadcrumb","itemListElement":[{"@type":"ListItem","position":1,"name":"Startseite","item":"https:\/\/www.kinderarztpraxis-central.ch\/"},{"@type":"ListItem","position":2,"name":"Impressum"}]},{"@type":"WebSite","@id":"https:\/\/www.kinderarztpraxis-central.ch\/#website","url":"https:\/\/www.kinderarztpraxis-central.ch\/","name":"Kinderarztpraxis Central","description":"Ihr Kinderarzt in Horgen","publisher":{"@id":"https:\/\/www.kinderarztpraxis-central.ch\/#organization"},"potentialAction":[{"@type":"SearchAction","target":{"@type":"EntryPoint","urlTemplate":"https:\/\/www.kinderarztpraxis-central.ch\/?s={search_term_string}"},"query-input":"required name=search_term_string"}],"inLanguage":"de"},{"@type":"Organization","@id":"https:\/\/www.kinderarztpraxis-central.ch\/#organization","name":"Kinderarztpraxis Central","url":"https:\/\/www.kinderarztpraxis-central.ch\/","logo":{"@type":"ImageObject","inLanguage":"de","@id":"https:\/\/www.kinderarztpraxis-central.ch\/#\/schema\/logo\/image\/","url":"https:\/\/www.kinderarztpraxis-central.ch\/wp-content\/uploads\/2019\/02\/cropped-Logo-ohne-Schrift.png","contentUrl":"https:\/\/www.kinderarztpraxis-central.ch\/wp-content\/uploads\/2019\/02\/cropped-Logo-ohne-Schrift.png","width":305,"height":184,"caption":"Kinderarztpraxis Central"},"image":{"@id":"https:\/\/www.kinderarztpraxis-central.ch\/#\/schema\/logo\/image\/"}}]}},"_links":{"self":[{"href":"https:\/\/www.kinderarztpraxis-central.ch\/index.php?rest_route=\/wp\/v2\/pages\/2285"}],"collection":[{"href":"https:\/\/www.kinderarztpraxis-central.ch\/index.php?rest_route=\/wp\/v2\/pages"}],"about":[{"href":"https:\/\/www.kinderarztpraxis-central.ch\/index.php?rest_route=\/wp\/v2\/types\/page"}],"author":[{"embeddable":true,"href":"https:\/\/www.kinderarztpraxis-central.ch\/index.php?rest_route=\/wp\/v2\/users\/1"}],"replies":[{"embeddable":true,"href":"https:\/\/www.kinderarztpraxis-central.ch\/index.php?rest_route=%2Fwp%2Fv2%2Fcomments&post=2285"}],"version-history":[{"count":4,"href":"https:\/\/www.kinderarztpraxis-central.ch\/index.php?rest_route=\/wp\/v2\/pages\/2285\/revisions"}],"predecessor-version":[{"id":2295,"href":"https:\/\/www.kinderarztpraxis-central.ch\/index.php?rest_route=\/wp\/v2\/pages\/2285\/revisions\/2295"}],"wp:attachment":[{"href":"https:\/\/www.kinderarztpraxis-central.ch\/index.php?rest_route=%2Fwp%2Fv2%2Fmedia&parent=2285"}],"curies":[{"name":"wp","href":"https:\/\/api.w.org\/{rel}","templated":true}]}}